**3 - 19*u + 13*u**3. Let o(j) = -6*b(j) + 11*f(j). What is o(4)?
18
Let z(o) = -o - 1. Let j be 38/4 + -2 + (-12)/8. Suppose -2*t - t + j = 0. Calculate z(t).
-3
Let i be (5/3)/((-1)/3). Let g be (-3)/(-5) + (-7)/(140/(-68)). Let x(k) = 2*k + g*k - 11*k - 2 + 4*k. What is x(i)?
3
Let j(m) = -339*m - 7*m**2 - 10 - m**3 + 4 + 345*m. Calculate j(-8).
10
Let p(t) = 3*t - 1. Let k be p(1). Let l be 3 + 441/12 + 1/4. Let o(v) = l + v - 40 - v**2. Calculate o(k).
-2
Let l(q) = -q - 2 + q - 4*q - q + 6*q. Determine l(3).
1
Let b(k) = k**2 + 3*k + 2. Let n(r) = 2*r**2 + 10*r + 2. Let v be n(-4). Give b(v).
20
Let r = 6 - 6. Let g(y) = -9*y + 5. Let b(o) = 2*o - 1. Let d(s) = 5*b(s) + g(s). Give d(r).
0
Let k(m) be the third derivative of -m**4/24 - 7*m**3/6 + 51*m**2. Determine k(-12).
5
Let l = -586 + 580. Let u(d) = -4*d - 27. What is u(l)?
-3
Let h(t) = t**3 + 9*t**2 - 13*t - 15. Let g be (-6)/30 + 49/(-5). Determine h(g).
15
Let g = 32/19 - -69/38. Let d(z) be the first derivative of -g*z**2 + 12 + 5*z + 1/3*z**3. What is d(5)?
-5
Let m be (-24)/(-10) - 6/15. Suppose 0 = 2*p - 4 + m. Suppose -6 = -b + 3*k, 5*k + p = -b - 1. Let v(g) = -g**3 + 3*g**2 + 2*g - 3. Give v(b).
3
Let d(u) be the second derivative of -u**3/2 + 2*u. Let t(g) = -7*g - 1. Let x(f) = -5*d(f) + 2*t(f). Suppose y + 9 = 4. What is x(y)?
-7
Let s(x) = x**2 - 7*x + 5. Suppose 4*t = 57 - 313. Let g be (-6)/15 - t/10. Suppose -j = i - 2, g*i - i - 4*j = 28. Determine s(i).
-7
Let v(w) = w**3 - w**2 + w. Let h(f) be the first derivative of -7/2*f**2 - 2*f**4 + 4/3*f**3 - 10 - f. Let x(u) = h(u) + 5*v(u). Determine x(-1).
3
Let q(f) = f**2 - 6*f - 9. Let b be q(7). Let z(l) = 3*l + 4. Determine z(b).
-2
Let k(x) = x - 5. Let t(w) = -1 + w - 7 + 0*w. Suppose -y + 6 + 2 = 0. Let j be t(y). Determine k(j).
-5
Let n(c) be the third derivative of c**6/60 + c**5/15 + c**4/12 - c**3/3 + c**2 + 21*c. Determine n(-2).
-6
Let a(f) be the first derivative of f**4/4 - 2*f**3 + 2*f**2 - 2*f - 254. Give a(5).
-7
Let l(x) be the first derivative of -3*x**2/2 - 2*x - 81. What is l(-2)?
4
Suppose -x + 90 = 4*v + 70, 2*v - 4*x - 10 = 0. Let j(t) = -8*t + 2. Give j(v).
-38
Let i(j) = -j**3 + 4*j**2 + 3. Suppose 7*n - 23 = -2. Determine i(n).
12
Let x(y) = 6*y**2 - 7*y. Let f be x(2). Let d be 20/(-25) - 32/f. Let j(k) = k**2 + 4*k + 5. Calculate j(d).
5
Let a(y) be the second derivative of -y**6/360 + y**5/40 - 17*y**4/12 + 15*y. Let m(s) be the third derivative of a(s). Determine m(6).
-9
Let v(i) = 20*i**3 - 2*i + 2. Let f be v(1). Suppose -101*y + f = -105*y. Let r(n) = -n - 2. What is r(y)?
3
Suppose -f + 1 + 1 = 0. Let i(h) = 10*h + 9. Let s be -2 + (-5)/(5/(-6)). Let x(g) = -9*g - 7. Let c(m) = s*x(m) + 3*i(m). Determine c(f).
-13
Let s(w) = 0*w**2 + 0*w + 7*w - 5 - w**2. Suppose -5*j - o = -39, -6*o + 8*o = -2. Give s(j).
-13
Let j(x) = -x - 5. Let p be j(-5). Let s(i) = -2*i + p*i - 5 - 7 + 4. Give s(-6).
4
Suppose 50*w - 54*w = 36. Let g(i) = -i - 15. Let f be g(w). Let s(t) = t**2 + 7*t - 7. Calculate s(f).
-13
Let f(s) = s**3 - 7*s**2 - 5. Let o be (-2)/(-10) + 1598/235. Calculate f(o).
-5
Let z = -116 + 115. Let w be z + 1 + (-8)/(-16)*-8. Let r(q) = -2*q**2 - 6*q. Calculate r(w).
-8
Let r(j) = -16*j - 10 - 13*j + 43*j - 13*j. Calculate r(8).
-2
Let u(v) = -v - 4. Suppose -l - 2 + 4 = 0. Suppose -o - l*d - d + 13 = 0, 3 = 3*o - 3*d. Let i(n) = n**3 - 4*n**2 + n - 4. Let k be i(o). Give u(k).
-4
Let h(i) = -i**3 + 6*i**2 + 10*i - 9. Let y = 268 - 261. Determine h(y).
12
Let u(b) be the third derivative of -b**5/60 + b**4/3 + 2*b**3/3 + 1730*b**2. Suppose -5*a + 56 - 11 = 0. Determine u(a).
-5
Let d(z) = 3*z**3 + 4*z**2 - 18*z - 18. Let m(i) = i**3 + 2*i**2 - 10*i - 11. Let n(h) = -3*d(h) + 5*m(h). Give n(-3).
77
Let s(q) = q - 2. Suppose -6 = -5*f + 3*f - 4*m, 2*f + 8 = 3*m. Determine s(f).
-3
Let y(l) be the first derivative of l**5/30 + l**4/24 - l**3/3 + 15*l**2 - 16. Let f(h) be the second derivative of y(h). Give f(-2).
4
Let y(s) = -s**3 - 36*s**2 - 38*s - 110. Suppose -160 - 50 = 6*h. Calculate y(h).
-5
Suppose 21 = -5*w + j, 3*w - 5*w - j - 7 = 0. Let a(z) = -z - 1. Let y(u) = -3*u + 1. Let p(h) = w*a(h) + y(h). Give p(7).
12
Let m(s) be the third derivative of s**6/120 - 7*s**5/30 - 3*s**4/4 + 29*s**3/6 - 284*s**2 + 2*s. What is m(15)?
-16
Let i = 1430 - 1427. Let n(o) be the third derivative of -o**6/120 + o**5/15 + o**4/12 - o**3/3 - o**2. Calculate n(i).
13
Let y(q) = -17*q**2 + 6*q - 5*q + 18*q**2 - 3*q - 2. Determine y(-4).
22
Let p(j) = -3*j. Suppose -2*g - 4 + 2 = 0, -3*s = -g - 4. Let m(u) = 6*u - 1. Let v be m(s). What is p(v)?
-15
Let k(i) = i**3 - 5*i**2 + 2*i. Let l(p) = 5*p**2 - 5*p - 8. Let q(s) = -s**2 - s - 1. Let w(o) = -l(o) - 6*q(o). Let d be w(-10). Calculate k(d).
-8
Let o(d) = -2*d**2 - 2*d - 1. Let q = 12 - 8. Suppose -n + 22 = -4*x, q*n + 11 = -3*x + 4. Suppose n = 5*v + 12. Calculate o(v).
-5
Let b(k) = k**3 - 3*k**2 + 3*k - 4. Let r be b(3). Suppose -40 = -r*h + 10. Let w(u) = -h + 3 + 14 + u. What is w(-7)?
0
Let d be -5 - (4/30 + 3756/(-720)). Let c(t) be the second derivative of 1/2*t**2 - 1/2*t**3 + 0 + 6*t + d*t**4. What is c(3)?
1
Let f(s) = -4*s - 9. Let l be 2/((-4)/((-24)/(-3))). Let j be f(l). Let u(t) = t**3 - 8*t**2 + 6*t + 5. Let h be u(j). Let b(n) = 4*n. Give b(h).
-8
Let h(y) = y**3 - 15*y**2 + 2*y - 23. Let q be h(15). Let p(n) = 6*n + n**2 - 1 + n**3 - q*n - 3*n. Calculate p(-3).
-7
Let w(n) = -n**2 - 10*n - 1. Let k be (-2 - -1) + 1 - 4 - 5. What is w(k)?
8
Let r = -24 + 26. Let j(s) = s - r - 8*s - 6 - 3*s**2 + 4*s. Let b(k) = -2*k**2 - 2*k - 5. Let h(l) = -8*b(l) + 5*j(l). Give h(1).
2
Let g(a) be the third derivative of -a**5/60 + a**4/8 - a**3/3 + 20*a**2 + 2. Suppose -18 = -6*m - 0*m. Give g(m).
-2
Let k = -57 - -80. Let t = k + -21. Let o(u) = 11*u - 8*u - u**t - 2 + 4. Give o(3).
2
Let l = -188/3 + 63. Let s(g) be the second derivative of -2*g + 0 - 1/2*g**2 - l*g**3. What is s(2)?
-5
Let a(o) = -24*o**3 - o**2 + o + 1. Let y = 176 + -177. Give a(y).
23
Let k(n) = -n - 2. Suppose -7*j - 37 = -2*j - a, -3*a = j + 1. Give k(j).
5
Let o(q) be the second derivative of -q**5/20 - q**4/12 + 51*q. Calculate o(3).
-36
Let g(w) = w**2 - 7*w + 9. Suppose -54*d + 41*d = -52. What is g(d)?
-3
Suppose 2*g - 1 + 13 = -4*t, 16 = -3*t - 5*g. Let s(p) be the first derivative of 1/2*p**2 + 0*p**3 - 2*p - 4 - 1/4*p**4. What is s(t)?
4
Let c = -1 + 7. Suppose -5*p + 2*p + c = 0. Suppose 2*f + 14 = 2*y, -p*y + 4*f + 11 + 5 = 0. Let m(n) = n**3 - 5*n**2 - 6*n + 4. Give m(y).
4
Suppose 19*n - 32 = 23*n. Let i(g) = g**2 + 7*g - 8. What is i(n)?
0
Let r be (-26)/12*-1 + 3/(-18). Suppose 0 = 2*k + 4*c + r, k = -3*c. Let w(f) = -2*f - 4. Give w(k).
2
Let i(y) = -y + 2. Let s(u) = -u + 1. Let j(b) = 3*i(b) - 4*s(b). Suppose 2*o - 5*h + 108 = -0*o, 2*o = 2*h - 114. Let n = -66 - o. Give j(n).
-5
Let w be 3/9 - (-1)/(-3). Let r(s) = -49*s + 49*s + s**3. What is r(w)?
0
Let r(k) = -k + 4. Suppose -3*z - 22 = -4*z - 2*h, 2*h - 10 = 0. Give r(z).
-8
Let j(p) = 10*p**3 + p + 2. Suppose -14 = 24*q + 10. Calculate j(q).
-9
Let m(f) = -f**3 - 7*f**2 - 2*f + 7. Suppose 3*k - u = -18, 2*k + 0 + 12 = -5*u. Give m(k).
-17
Let k(l) = -3*l**3 - l**2 - l + 1. Let b(f) = f**2 - 4*f + 4. Let t = -13 + 27. Let w = -11 + t. Let g be b(w). What is k(g)?
-4
Let m(o) = -o**3 + 3*o**2 + o + 5. Let d be ((-15)/13 + (-4)/(-26))*-17. Suppose -4*h + 1 = -5*w, 0*h - 3*w + d = 2*h. Determine m(h).
-7
Let x(a) = 6 + 5*a**2 - 3*a**2 - 5*a**2 + a**2 + 3*a**2 - 2*a. Calculate x(7).
41
Suppose 0 = -2*s + 3 + 39. Let p = -32 + s. Let q(j) = -j**3 - 11*j**2 - j - 10. Let h be q(p). Let v(z) = 2*z**2 + 2*z - 1. Calculate v(h).
3
Let o = 163 + -159. Let m(p) = -p**2 + 2*p - 3. Calculate m(o).
-11
Let l(m) = 2*m**2 + 26*m - 31. Suppose 2*w = -5*k - 23, -19 = -14*w + 15*w - 5*k. Give l(w).
-3
Let c(o) = -5*o**3 - 7*o**2 - 4*o + 10. Let k(z) = 11*z**3 + 12*z**2 + 9*z - 19. Let l(t) = -9*c(t) - 4*k(t). What is l(-15)?
-14
Let o = 14 + -13. Let w be -5*o/(-10)*10. Let m(g) = -4*g**3 - 11*g**2 + 9*g + 12. Let a(y) = y**3 + y**2 - y - 1. Let f(l) = 5*a(l) + m(l). What is f(w)?
2
Let a be 23/4 - 2/(-16)*2. Let j(c) = -c**3 + 7*c**2 - 7*c + 12. Calculate j(a).
6
Suppose -7*g + 11*g = 16. Let t(i) = 5*i